{"id":17,"date":"2013-10-18T15:31:07","date_gmt":"2013-10-18T15:31:07","guid":{"rendered":"http:\/\/jagen.bplaced.net\/wordpress\/?page_id=2"},"modified":"2024-01-27T14:27:38","modified_gmt":"2024-01-27T12:27:38","slug":"beispiel-seite","status":"publish","type":"page","link":"https:\/\/www.gitarre-bb.de\/?page_id=17","title":{"rendered":"\u00dcber uns"},"content":{"rendered":"<figure id=\"attachment_939\" aria-describedby=\"caption-attachment-939\" style=\"width: 660px\" class=\"wp-caption aligncenter\"><a href=\"https:\/\/www.gitarre-bb.de\/wp-content\/uploads\/2024\/01\/DSCF2972-scaled.jpg\"><img loading=\"lazy\" decoding=\"async\" class=\"wp-image-939 size-large\" src=\"https:\/\/www.gitarre-bb.de\/wp-content\/uploads\/2024\/01\/DSCF2972-1024x683.jpg\" alt=\"\" width=\"660\" height=\"440\" srcset=\"https:\/\/www.gitarre-bb.de\/wp-content\/uploads\/2024\/01\/DSCF2972-1024x683.jpg 1024w, https:\/\/www.gitarre-bb.de\/wp-content\/uploads\/2024\/01\/DSCF2972-300x200.jpg 300w, https:\/\/www.gitarre-bb.de\/wp-content\/uploads\/2024\/01\/DSCF2972-768x512.jpg 768w, https:\/\/www.gitarre-bb.de\/wp-content\/uploads\/2024\/01\/DSCF2972-1536x1024.jpg 1536w, https:\/\/www.gitarre-bb.de\/wp-content\/uploads\/2024\/01\/DSCF2972-2048x1365.jpg 2048w, https:\/\/www.gitarre-bb.de\/wp-content\/uploads\/2024\/01\/DSCF2972-700x467.jpg 700w\" sizes=\"auto, (max-width: 660px) 100vw, 660px\" \/><\/a><figcaption id=\"caption-attachment-939\" class=\"wp-caption-text\">Auf dem Probenwochenende 2023 in Rottenburg.<\/figcaption><\/figure>\n<p>Im Gitarrenorchester B\u00f6blingen widmen sich zurzeit 16 Gitarrist*innen unterschiedlichen Alters der Pflege und F\u00f6rderung musikalischer \u00c4sthetik, wie sie in den verschiedenen Kulturen und Epochen entstanden ist.<\/p>\n<p>Es werden im Gesamtorchester sowie auch in kammermusikalischen Besetzungen Musikst\u00fccke einstudiert und konzertiert, die vom Mittelalter bis zur Moderne f\u00fcr Saiteninstrumente komponiert wurden oder daf\u00fcr bearbeitet worden sind.<\/p>\n<p>Im Auftrag des Orchesters werden immer wieder zeitgen\u00f6ssische Komponisten, ebenso unsere jeweiligen musikalischen Leiter, angeregt, speziell f\u00fcr Gitarrenensembles Musik zu komponieren oder zu arrangieren.<\/p>\n<p>Das Orchester ist Mitglied im \u201eBund deutscher Zupfmusiker e.V.\u201c. Dieser bietet regelm\u00e4\u00dfig gute Fortbildungen an, die von den Mitgliedern besucht werden k\u00f6nnen.<\/p>\n<h2><\/h2>\n<h2>Historie<\/h2>\n<blockquote><p><strong>Mit diesem Zupforchester ist eine L\u00fccke geschlossen worden, die bisher schmerzlich zu sp\u00fcren war,<\/strong><br \/>\nschrieb die Kreiszeitung am 10.12.1981.<\/p><\/blockquote>\n<p>Mit dieser Feststellung begr\u00fc\u00dfte die \u00f6rtliche Presse die Ank\u00fcndigung der Gr\u00fcndung eines Gitarrenensembles, dessen Initiatoren sich am 23. November 1981 zu diesem Schritt entschlossen hatten.\u00a0Ausweislich des Gr\u00fcndungsprotokolls sollte das \u201eZupforchester B\u00f6blingen\u201c (abgek\u00fcrzt: ZOBB) der \u201ePflege und F\u00f6rderung insbesondere der Musik mit Saiteninstrumenten im Solo- und Ensemblespiel dienen\u201c.<\/p>\n<p>Sch\u00fcler der Jugendmusikschule sollten nach dem Ende ihrer Ausbildung im Zusammenspiel mit \u00e4lteren, erfahrenen Gitarristen ihre erlernten Fertigkeiten im Ensemblespiel vertiefen und erweitern und so zugleich eine Orientierung f\u00fcr eine sinnvolle Freizeitgestaltung erhalten.<\/p>\n<p>Die Ursprungsidee der Gr\u00fcnder hat sich in all den Jahren bew\u00e4hrt und so kann das ZOBB, insbesondere bei anstehenden gr\u00f6\u00dferen Konzerten immer wieder auf noch aktive oder ehemalige Sch\u00fcler der Musik- und Kunstschule der Stadt B\u00f6blingen zur\u00fcckgreifen.<\/p>\n<figure id=\"attachment_889\" aria-describedby=\"caption-attachment-889\" style=\"width: 660px\" class=\"wp-caption aligncenter\"><a href=\"https:\/\/www.gitarre-bb.de\/wp-content\/uploads\/2023\/10\/CR61410_ZOBB_Jubil.Konz_22_10_23-scaled.jpg\"><img loading=\"lazy\" decoding=\"async\" class=\"wp-image-889 size-large\" src=\"https:\/\/www.gitarre-bb.de\/wp-content\/uploads\/2023\/10\/CR61410_ZOBB_Jubil.Konz_22_10_23-1024x683.jpg\" alt=\"\" width=\"660\" height=\"440\" srcset=\"https:\/\/www.gitarre-bb.de\/wp-content\/uploads\/2023\/10\/CR61410_ZOBB_Jubil.Konz_22_10_23-1024x683.jpg 1024w, https:\/\/www.gitarre-bb.de\/wp-content\/uploads\/2023\/10\/CR61410_ZOBB_Jubil.Konz_22_10_23-300x200.jpg 300w, https:\/\/www.gitarre-bb.de\/wp-content\/uploads\/2023\/10\/CR61410_ZOBB_Jubil.Konz_22_10_23-768x512.jpg 768w, https:\/\/www.gitarre-bb.de\/wp-content\/uploads\/2023\/10\/CR61410_ZOBB_Jubil.Konz_22_10_23-1536x1024.jpg 1536w, https:\/\/www.gitarre-bb.de\/wp-content\/uploads\/2023\/10\/CR61410_ZOBB_Jubil.Konz_22_10_23-2048x1365.jpg 2048w, https:\/\/www.gitarre-bb.de\/wp-content\/uploads\/2023\/10\/CR61410_ZOBB_Jubil.Konz_22_10_23-700x467.jpg 700w\" sizes=\"auto, (max-width: 660px) 100vw, 660px\" \/><\/a><figcaption id=\"caption-attachment-889\" class=\"wp-caption-text\">Aufnahme vom Best-of-Konzert 2023 in der Paul-Gerhardt-Kirche in B\u00f6blingen.<\/figcaption><\/figure>\n<p>Im Laufe der Jahre hat es sich so ergeben und es ist zu unserem Markenzeichen geworden, dass insbesondere unsere gro\u00dfen Konzerte themenorientiert waren und die Musik deshalb mit Texten, Bildern, Tanz oder Theaterspiel kontrastiert und erg\u00e4nzt wurde.<\/p>\n<p>Nach mehr als 25 Jahren hat Dirigent und Orchestergr\u00fcnder G\u00e9rard Krimmel seinen Dirigentenstab in j\u00fcngere H\u00e4nde weitergegeben. Im Jahr 2008 \u00fcbernahm der Gitarrist Christian Zielinski die musikalische Leitung. Die \u201eStab\u00fcbergabe\u201c erfolgte im Rahmen eines Konzertes, das am 2. M\u00e4rz 2008 in der Vater-Unser-Kirche in B\u00f6blingen stattfand.<\/p>\n<p>Seit September 2011 spielen und arbeiten wir unter der Leitung von Alon Wallach. Mit diesem Wechsel haben wir gro\u00dfe Fortschritte im Bereich des selbstst\u00e4ndigen Spiels gemacht, was 2024 im vom Amateuermusikfond gef\u00f6rderten und vom Orchester organisierten Projekt &#8222;Musizieren ohne Dirigent&#8220; gipfelt.<\/p>\n","protected":false},"excerpt":{"rendered":"<p>Im Gitarrenorchester B\u00f6blingen widmen sich zurzeit 16 Gitarrist*innen unterschiedlichen Alters der Pflege und F\u00f6rderung musikalischer \u00c4sthetik, wie sie in den verschiedenen Kulturen und Epochen entstanden ist. Es werden im Gesamtorchester sowie auch in kammermusikalischen Besetzungen Musikst\u00fccke einstudiert und konzertiert, die vom Mittelalter bis zur Moderne f\u00fcr Saiteninstrumente komponiert wurden oder &#8230;<\/p>\n","protected":false},"author":1,"featured_media":0,"parent":0,"menu_order":0,"comment_status":"closed","ping_status":"closed","template":"template-landing-page.php","meta":{"footnotes":""},"class_list":["post-17","page","type-page","status-publish","hentry","column","onecol"],"_links":{"self":[{"href":"https:\/\/www.gitarre-bb.de\/index.php?rest_route=\/wp\/v2\/pages\/17","targetHints":{"allow":["GET"]}}],"collection":[{"href":"https:\/\/www.gitarre-bb.de\/index.php?rest_route=\/wp\/v2\/pages"}],"about":[{"href":"https:\/\/www.gitarre-bb.de\/index.php?rest_route=\/wp\/v2\/types\/page"}],"author":[{"embeddable":true,"href":"https:\/\/www.gitarre-bb.de\/index.php?rest_route=\/wp\/v2\/users\/1"}],"replies":[{"embeddable":true,"href":"https:\/\/www.gitarre-bb.de\/index.php?rest_route=%2Fwp%2Fv2%2Fcomments&post=17"}],"version-history":[{"count":25,"href":"https:\/\/www.gitarre-bb.de\/index.php?rest_route=\/wp\/v2\/pages\/17\/revisions"}],"predecessor-version":[{"id":976,"href":"https:\/\/www.gitarre-bb.de\/index.php?rest_route=\/wp\/v2\/pages\/17\/revisions\/976"}],"wp:attachment":[{"href":"https:\/\/www.gitarre-bb.de\/index.php?rest_route=%2Fwp%2Fv2%2Fmedia&parent=17"}],"curies":[{"name":"wp","href":"https:\/\/api.w.org\/{rel}","templated":true}]}}

Über uns

<figure id="attachment_939" aria-describedby="caption-attachment-939" style="width: 660px" class="wp-caption aligncenter"><a href="https://www.gitarre-bb.de/wp-content/uploads/2024/01/DSCF2972-scaled.jpg"><img loading="lazy" decoding="async" class="wp-image-939 size-large" src="https://www.gitarre-bb.de/wp-content/uploads/2024/01/DSCF2972-1024x683.jpg" alt="" width="660" height="440" srcset="https://www.gitarre-bb.de/wp-content/uploads/2024/01/DSCF2972-1024x683.jpg 1024w, https://www.gitarre-bb.de/wp-content/uploads/2024/01/DSCF2972-300x200.jpg 300w, https://www.gitarre-bb.de/wp-content/uploads/2024/01/DSCF2972-768x512.jpg 768w, https://www.gitarre-bb.de/wp-content/uploads/2024/01/DSCF2972-1536x1024.jpg 1536w, https://www.gitarre-bb.de/wp-content/uploads/2024/01/DSCF2972-2048x1365.jpg 2048w, https://www.gitarre-bb.de/wp-content/uploads/2024/01/DSCF2972-700x467.jpg 700w" sizes="auto, (max-width: 660px) 100vw, 660px" /></a><figcaption id="caption-attachment-939" class="wp-caption-text">Auf dem Probenwochenende 2023 in Rottenburg.</figcaption></figure>
<p>Im Gitarrenorchester Böblingen widmen sich zurzeit 16 Gitarrist*innen unterschiedlichen Alters der Pflege und Förderung musikalischer Ästhetik, wie sie in den verschiedenen Kulturen und Epochen entstanden ist.</p>
<p>Es werden im Gesamtorchester sowie auch in kammermusikalischen Besetzungen Musikstücke einstudiert und konzertiert, die vom Mittelalter bis zur Moderne für Saiteninstrumente komponiert wurden oder dafür bearbeitet worden sind.</p>
<p>Im Auftrag des Orchesters werden immer wieder zeitgenössische Komponisten, ebenso unsere jeweiligen musikalischen Leiter, angeregt, speziell für Gitarrenensembles Musik zu komponieren oder zu arrangieren.</p>
<p>Das Orchester ist Mitglied im „Bund deutscher Zupfmusiker e.V.“. Dieser bietet regelmäßig gute Fortbildungen an, die von den Mitgliedern besucht werden können.</p>
<h2></h2>
<h2>Historie</h2>
<blockquote><p><strong>Mit diesem Zupforchester ist eine Lücke geschlossen worden, die bisher schmerzlich zu spüren war,</strong><br />
schrieb die Kreiszeitung am 10.12.1981.</p></blockquote>
<p>Mit dieser Feststellung begrüßte die örtliche Presse die Ankündigung der Gründung eines Gitarrenensembles, dessen Initiatoren sich am 23. November 1981 zu diesem Schritt entschlossen hatten. Ausweislich des Gründungsprotokolls sollte das „Zupforchester Böblingen“ (abgekürzt: ZOBB) der „Pflege und Förderung insbesondere der Musik mit Saiteninstrumenten im Solo- und Ensemblespiel dienen“.</p>
<p>Schüler der Jugendmusikschule sollten nach dem Ende ihrer Ausbildung im Zusammenspiel mit älteren, erfahrenen Gitarristen ihre erlernten Fertigkeiten im Ensemblespiel vertiefen und erweitern und so zugleich eine Orientierung für eine sinnvolle Freizeitgestaltung erhalten.</p>
<p>Die Ursprungsidee der Gründer hat sich in all den Jahren bewährt und so kann das ZOBB, insbesondere bei anstehenden größeren Konzerten immer wieder auf noch aktive oder ehemalige Schüler der Musik- und Kunstschule der Stadt Böblingen zurückgreifen.</p>
<figure id="attachment_889" aria-describedby="caption-attachment-889" style="width: 660px" class="wp-caption aligncenter"><a href="https://www.gitarre-bb.de/wp-content/uploads/2023/10/CR61410_ZOBB_Jubil.Konz_22_10_23-scaled.jpg"><img loading="lazy" decoding="async" class="wp-image-889 size-large" src="https://www.gitarre-bb.de/wp-content/uploads/2023/10/CR61410_ZOBB_Jubil.Konz_22_10_23-1024x683.jpg" alt="" width="660" height="440" srcset="https://www.gitarre-bb.de/wp-content/uploads/2023/10/CR61410_ZOBB_Jubil.Konz_22_10_23-1024x683.jpg 1024w, https://www.gitarre-bb.de/wp-content/uploads/2023/10/CR61410_ZOBB_Jubil.Konz_22_10_23-300x200.jpg 300w, https://www.gitarre-bb.de/wp-content/uploads/2023/10/CR61410_ZOBB_Jubil.Konz_22_10_23-768x512.jpg 768w, https://www.gitarre-bb.de/wp-content/uploads/2023/10/CR61410_ZOBB_Jubil.Konz_22_10_23-1536x1024.jpg 1536w, https://www.gitarre-bb.de/wp-content/uploads/2023/10/CR61410_ZOBB_Jubil.Konz_22_10_23-2048x1365.jpg 2048w, https://www.gitarre-bb.de/wp-content/uploads/2023/10/CR61410_ZOBB_Jubil.Konz_22_10_23-700x467.jpg 700w" sizes="auto, (max-width: 660px) 100vw, 660px" /></a><figcaption id="caption-attachment-889" class="wp-caption-text">Aufnahme vom Best-of-Konzert 2023 in der Paul-Gerhardt-Kirche in Böblingen.</figcaption></figure>
<p>Im Laufe der Jahre hat es sich so ergeben und es ist zu unserem Markenzeichen geworden, dass insbesondere unsere großen Konzerte themenorientiert waren und die Musik deshalb mit Texten, Bildern, Tanz oder Theaterspiel kontrastiert und ergänzt wurde.</p>
<p>Nach mehr als 25 Jahren hat Dirigent und Orchestergründer Gérard Krimmel seinen Dirigentenstab in jüngere Hände weitergegeben. Im Jahr 2008 übernahm der Gitarrist Christian Zielinski die musikalische Leitung. Die „Stabübergabe“ erfolgte im Rahmen eines Konzertes, das am 2. März 2008 in der Vater-Unser-Kirche in Böblingen stattfand.</p>
<p>Seit September 2011 spielen und arbeiten wir unter der Leitung von Alon Wallach. Mit diesem Wechsel haben wir große Fortschritte im Bereich des selbstständigen Spiels gemacht, was 2024 im vom Amateuermusikfond geförderten und vom Orchester organisierten Projekt &#8222;Musizieren ohne Dirigent&#8220; gipfelt.</p>

<p>Im Gitarrenorchester Böblingen widmen sich zurzeit 16 Gitarrist*innen unterschiedlichen Alters der Pflege und Förderung musikalischer Ästhetik, wie sie in den verschiedenen Kulturen und Epochen entstanden ist. Es werden im Gesamtorchester sowie auch in kammermusikalischen Besetzungen Musikstücke einstudiert und konzertiert, die vom Mittelalter bis zur Moderne für Saiteninstrumente komponiert wurden oder &#8230;</p>
