{"id":128,"date":"2013-10-20T14:02:47","date_gmt":"2013-10-20T12:02:47","guid":{"rendered":"http:\/\/jagen.bplaced.net\/wordpress\/?page_id=128"},"modified":"2022-12-22T00:02:09","modified_gmt":"2022-12-21T22:02:09","slug":"impressum","status":"publish","type":"page","link":"https:\/\/www.gitarre-bb.de\/?page_id=128","title":{"rendered":"Impressum &#038; Datenschutz"},"content":{"rendered":"<h2>Anbieterkennzeichnung<\/h2>\n<h2>Zupforchester B\u00f6blingen e.V.<\/h2>\n<p>Registergericht: Amtsgericht B\u00f6blingen<\/p>\n<p>Vereinsregisternummer: VR 888<\/p>\n<h3><strong>Verantwortlich f\u00fcr den Inhalt nach \u00a7\u00a7 5 TMG, 55 RStV ist:<\/strong><\/h3>\n<p>Bianca Sigrist<br \/>\nNelkenstr. 78<br \/>\n71272 Renningen<br \/>\nTel:\u00a0<span style=\"font-size: revert;\">07159-80 45 460<\/span><\/p>\n<p>Foto Titelseite: \u00a9 Carlos Gomez Bov\u00e9 \/ iStock.com<\/p>\n<hr style=\"color: red; background: grey; height: 2px;\" \/>\n<h3><\/h3>\n<h3><strong>1. Haftungsbeschr\u00e4nkung<\/strong><\/h3>\n<p>Die Inhalte dieser Website werden mit gr\u00f6\u00dftm\u00f6glicher Sorgfalt erstellt. Der Anbieter \u00fcbernimmt jedoch keine Gew\u00e4hr f\u00fcr die jederzeitige Richtigkeit, Vollst\u00e4ndigkeit und Aktualit\u00e4t der bereitgestellten Inhalte. Die Nutzung der Inhalte der Website erfolgt auf eigene Gefahr des Nutzers. Namentlich gekennzeichnete Beitr\u00e4ge geben die Meinung des jeweiligen Autors und nicht immer die Meinung des Anbieters wieder. Mit der reinen Nutzung der Website des Anbieters kommt keinerlei Vertragsverh\u00e4ltnis zwischen dem Nutzer und dem Anbieter zustande.<\/p>\n<h3><strong>2. Externe Links<\/strong><\/h3>\n<p>Diese Website enth\u00e4lt Verkn\u00fcpfungen zu Websites Dritter (&#8222;externe Links&#8220;). Diese Websites unterliegen der Haftung der jeweiligen Betreiber. Als Diensteanbieter sind wir gem\u00e4\u00df \u00a7 7 Abs.1 TMG f\u00fcr eigene Inhalte auf diesen Seiten nach den allgemeinen Gesetzen verantwortlich. Nach \u00a7\u00a7 8 bis 10 TMG sind wir jedoch nicht verpflichtet, \u00fcbermittelte oder gespeicherte fremde Informationen zu \u00fcberwachen oder nach Umst\u00e4nden zu forschen, die auf eine rechtswidrige T\u00e4tigkeit hinweisen. Verpflichtungen zur Entfernung oder Sperrung der Nutzung von Informationen nach den allgemeinen Gesetzen bleiben hiervon unber\u00fchrt. Eine diesbez\u00fcgliche Haftung ist jedoch erst ab dem Zeitpunkt der Kenntnis einer konkreten Rechtsverletzung m\u00f6glich. Sobald wir von entsprechenden Rechtsverletzungen Kenntnis erlangen, werden wir diese Inhalte umgehend entfernen.<\/p>\n<h3><strong>3. Urheber- und Leistungsschutzrechte<\/strong><\/h3>\n<p>Die auf dieser Website ver\u00f6ffentlichten Inhalte unterliegen dem deutschen Urheber- und Leistungsschutzrecht. Jede vom deutschen Urheber- und Leistungsschutzrecht nicht zugelassene Verwertung bedarf der vorherigen schriftlichen Zustimmung des Anbieters gegebenenfalls des jeweiligen Rechteinhabers. Dies gilt insbesondere f\u00fcr Vervielf\u00e4ltigung, Bearbeitung, \u00dcbersetzung, Einspeicherung, Verarbeitung bzw. Wiedergabe von Inhalten in Datenbanken oder anderen elektronischen Medien und Systemen. Inhalte und Rechte Dritter sind dabei als solche gekennzeichnet. Die unerlaubte Vervielf\u00e4ltigung oder Weitergabe einzelner Inhalte oder kompletter Seiten ist nicht gestattet und strafbar. Lediglich die Herstellung von Kopien und Downloads f\u00fcr den pers\u00f6nlichen, privaten und nicht kommerziellen Gebrauch ist erlaubt.<\/p>\n<p>Die Darstellung dieser Website in fremden Frames ist nur mit schriftlicher Erlaubnis zul\u00e4ssig.<\/p>\n<p>Sollten Sie trotzdem auf eine Urheberrechtsverletzung aufmerksam werden, bitten wir um einen entsprechenden Hinweis. Wir werden derartige Inhalte dann umgehend entfernen.<\/p>\n<h3><strong>4. Datenschutz<\/strong><\/h3>\n<p>F\u00fcr alle, denen das noch nicht bekannt sein sollte, weisen wir ausdr\u00fccklich darauf hin, da\u00df alle Internetdienste alle Informationen, also auch Ihren Besuch unserer Website f\u00fcr eigene gewerbliche oder u.U. zu geheimdienstlichen Zwecken nutzen. Sie k\u00f6nnen die Installation von Cookies durch eine entsprechende Einstellung Ihrer Browser Software verhindern; wir weisen Sie jedoch darauf hin, dass Sie in diesem Fall gegebenenfalls nicht s\u00e4mtliche Funktionen dieser Website vollumf\u00e4nglich nutzen k\u00f6nnen.<\/p>\n<p>Der Anbieter weist ausdr\u00fccklich darauf hin, dass die Daten\u00fcbertragung im Internet (z.B. bei der Kommunikation per E-Mail) Sicherheitsl\u00fccken aufweisen und nicht l\u00fcckenlos vor dem Zugriff durch Dritte gesch\u00fctzt werden kann.<\/p>\n<p>Die Verwendung der Kontaktdaten des Impressums zur gewerblichen Werbung ist ausdr\u00fccklich nicht erw\u00fcnscht, es sei denn der Anbieter hatte zuvor seine schriftliche Einwilligung erteilt . Der Anbieter und alle auf dieser Website genannten Personen widersprechen hiermit jeder kommerziellen Verwendung und Weitergabe ihrer Daten.<\/p>\n<h3><strong>5. Besondere Nutzungsbedingungen<\/strong><\/h3>\n<p>Soweit besondere Bedingungen f\u00fcr einzelne Nutzungen dieser Website von den vorgenannten Nummern 1. bis 4. abweichen, wird an entsprechender Stelle ausdr\u00fccklich darauf hingewiesen. In diesem Falle gelten im jeweiligen Einzelfall die besonderen Nutzungsbedingungen.<\/p>\n","protected":false},"excerpt":{"rendered":"<p>Anbieterkennzeichnung Zupforchester B\u00f6blingen e.V. Registergericht: Amtsgericht B\u00f6blingen Vereinsregisternummer: VR 888 Verantwortlich f\u00fcr den Inhalt nach \u00a7\u00a7 5 TMG, 55 RStV ist: Bianca Sigrist Nelkenstr. 78 71272 Renningen Tel:\u00a007159-80 45 460 Foto Titelseite: \u00a9 Carlos Gomez Bov\u00e9 \/ iStock.com 1. Haftungsbeschr\u00e4nkung Die Inhalte dieser Website werden mit gr\u00f6\u00dftm\u00f6glicher Sorgfalt erstellt. Der &#8230;<\/p>\n","protected":false},"author":1,"featured_media":0,"parent":0,"menu_order":0,"comment_status":"closed","ping_status":"closed","template":"","meta":{"footnotes":""},"class_list":["post-128","page","type-page","status-publish","hentry","column","onecol"],"_links":{"self":[{"href":"https:\/\/www.gitarre-bb.de\/index.php?rest_route=\/wp\/v2\/pages\/128","targetHints":{"allow":["GET"]}}],"collection":[{"href":"https:\/\/www.gitarre-bb.de\/index.php?rest_route=\/wp\/v2\/pages"}],"about":[{"href":"https:\/\/www.gitarre-bb.de\/index.php?rest_route=\/wp\/v2\/types\/page"}],"author":[{"embeddable":true,"href":"https:\/\/www.gitarre-bb.de\/index.php?rest_route=\/wp\/v2\/users\/1"}],"replies":[{"embeddable":true,"href":"https:\/\/www.gitarre-bb.de\/index.php?rest_route=%2Fwp%2Fv2%2Fcomments&post=128"}],"version-history":[{"count":4,"href":"https:\/\/www.gitarre-bb.de\/index.php?rest_route=\/wp\/v2\/pages\/128\/revisions"}],"predecessor-version":[{"id":867,"href":"https:\/\/www.gitarre-bb.de\/index.php?rest_route=\/wp\/v2\/pages\/128\/revisions\/867"}],"wp:attachment":[{"href":"https:\/\/www.gitarre-bb.de\/index.php?rest_route=%2Fwp%2Fv2%2Fmedia&parent=128"}],"curies":[{"name":"wp","href":"https:\/\/api.w.org\/{rel}","templated":true}]}}